1 composite?
False
Is 12931618307 a composite number?
False
Is 18684107765 prime?
False
Is 16045226753 composite?
False
Is 793542103 prime?
False
Is 1380602563 a prime number?
True
Is 3350398711 composite?
True
Is 191583643 composite?
False
Is 2072903519 prime?
True
Is 45847037 a prime number?
True
Is 10655541227 a composite number?
False
Is 11804857507 composite?
True
Is 5964454651 prime?
True
Is 56465006519 a prime number?
True
Is 1717479883 a prime number?
False
Is 25840320791 a prime number?
True
Is 165281015051 prime?
True
Is 5155728523 a prime number?
False
Is 71509610209 composite?
False
Is 28598407531 a composite number?
False
Is 5236905781 composite?
True
Is 81086777101 a composite number?
True
Is 11001768223 composite?
False
Is 322713687 composite?
True
Is 297916589 a prime number?
True
Is 2686579991 prime?
True
Is 215378363 composite?
True
Is 9987008723 a composite number?
False
Is 364874509 prime?
True
Is 4001820037 a composite number?
False
Is 11531837 prime?
True
Is 3407347217 a composite number?
False
Is 845817499 a prime number?
False
Is 7705290935 a prime number?
False
Is 14371633657 a prime number?
True
Is 12052223255 composite?
True
Is 69823594733 a composite number?
False
Is 4026171011 composite?
True
Is 33210894319 prime?
False
Is 458325481 a composite number?
False
Is 162321599057 a composite number?
False
Is 3954866117 a prime number?
False
Is 421613873 a composite number?
True
Is 174402745147 a composite number?
False
Is 352438931 composite?
True
Is 42480634223 a prime number?
True
Is 4638222023 a prime number?
True
Is 15458737579 a composite number?
True
Is 38371619269 a prime number?
True
Is 1988718793 prime?
True
Is 4627914013 prime?
False
Is 204570900463 prime?
False
Is 3859164371 a prime number?
False
Is 36244637123 prime?
True
Is 6072586067 composite?
True
Is 1571631143 prime?
True
Is 2287355969 prime?
True
Is 1137827909 a prime number?
True
Is 626412478 composite?
True
Is 18872158879 prime?
False
Is 1437663091 composite?
False
Is 925351421 a composite number?
True
Is 1325677263 prime?
False
Is 144810719 prime?
True
Is 137027959913 composite?
True
Is 81199710559 a composite number?
True
Is 620905781 a composite number?
False
Is 100584349 prime?
True
Is 128200009489 a composite number?
True
Is 3000392807 a composite number?
False
Is 442303426 a composite number?
True
Is 81755282731 a prime number?
False
Is 76042517 a composite number?
False
Is 6965165923 a prime number?
False
Is 8081728511 a composite number?
True
Is 12473942227 composite?
False
Is 1324335289 composite?
True
Is 8532490103 prime?
False
Is 124885219 a prime number?
True
Is 30400758173 composite?
True
Is 54111283 a composite number?
False
Is 13116905617 composite?
True
Is 292593247 a composite number?
False
Is 5724985753 composite?
False
Is 19800566057 a composite number?
False
Is 25345526941 a prime number?
False
Is 1745672393 a composite number?
False
Is 1151096117 a composite number?
False
Is 75315749419 a composite number?
True
Is 630244399 prime?
False
Is 3839799157 a prime number?
False
Is 7056398651 composite?
False
Is 18951951133 a prime number?
False
Is 25256909929 prime?
True
Is 31313547751 composite?
True
Is 11372321627 a composite number?
False
Is 8405759521 prime?
True
Is 94547778851 prime?
True
Is 1105492559 composite?
False
Is 1523666913 composite?
True
Is 2892857881 a composite number?
True
Is 34392354077 prime?
True
Is 13480290611 a prime number?
True
Is 487516427 composite?
False
Is 626978617 a composite number?
False
Is 37521104629 composite?
True
Is 12630880789 a composite number?
False
Is 832984309 a prime number?
False
Is 777877621 prime?
False
Is 191971211 a composite number?
False
Is 2931695401 prime?
False
Is 532065299 composite?
False
Is 9117878699 a composite number?
False
Is 20249290081 prime?
False
Is 11472971327 a prime number?
True
Is 180910959 composite?
True
Is 1279923926 prime?
False
Is 51702148711 composite?
False
Is 22977969169 a prime number?
True
Is 96888013 a composite number?
False
Is 2990286941 a composite number?
True
Is 1525909381 a prime number?
True
Is 7410986013 composite?
True
Is 545338921 a composite number?
False
Is 11355431531 a prime number?
True
Is 28718414411 prime?
True
Is 1640782277 a prime number?
True
Is 9102484217 composite?
True
Is 43759450166 composite?
True
Is 117164677 composite?
True
Is 1295350703 a composite number?
False
Is 89651336939 a prime number?
False
Is 1408475923 composite?
True
Is 2626146143 a prime number?
True
Is 740803561 prime?
True
Is 3127161299 a composite number?
False
Is 3074256611 composite?
False
Is 2781318493 prime?
False
Is 1859466226 a prime number?
False
Is 613752119 prime?
True
Is 44424691 a prime number?
True
Is 2925582229 a prime number?
True
Is 47305419391 composite?
False
Is 273780517 composite?
False
Is 10140980543 prime?
False
Is 5110326877 composite?
True
Is 7774424147 a prime number?
False
Is 27912951445 a prime number?
False
Is 4930887035 a prime number?
False
Is 5219593879 prime?
True
Is 1044410027 a composite number?
True
Is 7754990723 composite?
False
Is 8350699453 a composite number?
True
Is 1954553635 prime?
False
Is 1687559647 composite?
False
Is 75444017011 prime?
False
Is 52812628069 prime?
False
Is 47440365557 a prime number?
False
Is 105387563 a composite number?
True
Is 90397518277 composite?
True
Is 96169173977 a composite number?
True
Is 5382650953 prime?
False
Is 10095255281 a prime number?
True
Is 477272273 composite?
False
Is 23662860367 prime?
True
Is 1242222731 composite?
True
Is 30972356099 a composite number?
False
Is 3115866137 a composite number?
False
Is 29643982507 prime?
True
Is 38265683429 a composite number?
False
Is 1051265153 a prime number?
True
Is 23398720417 a composite number?
False
Is 7213964701 a composite number?
False
Is 1914203719 prime?
False
Is 4293645713 a prime number?
False
Is 11990992393 a prime number?
True
Is 177868141 composite?
True
Is 23032012327 a prime number?
False
Is 2909345899 prime?
True
Is 3494366209 a prime number?
False
Is 2171751917 a composite number?
False
Is 3072548303 a prime number?
False
Is 728423737 a composite number?
False
Is 4614044549 composite?
False
Is 10727092177 a prime number?
True
Is 37469949479 prime?
False
Is 81317753243 composite?
True
Is 69030999943 a composite number?
False
Is 211699708147 composite?
False
Is 4735456919 a composite number?
False
Is 521182055521 composite?
False
Is 4667905069 prime?
True
Is 14668995641 a prime number?
False
Is 58648202897 a prime number?
True
Is 13716418609 a prime number?
True
Is 49909601627 a prime number?
True
Is 962909366 composite?
True
Is 198570769 composite?
True
Is 1130638037 a composite number?
False
Is 19756449077 composite?
True
Is 105063877 composite?
True
Is 3962862679 a composite number?
False
Is 166026787 prime?
True
Is 55951391 a prime number?
False
Is 4371142623 a prime number?
False
Is 34600444889 composite?
False
Is 6618992833 prime?
True
Is 3664849711 composite?
True
Is 52384951 composite?
False
Is 3047216843 composite?
True
Is 289273818479 prime?
True
Is 498100721 a composite number?
True
Is 165198433 prime?
False
Is 9417781709 a composite number?
True
Is 25099894949 composite?
False
Is 234926827 a prime number?
True
Is 915414223 composite?
True
Is 66829364681 a prime number?
True
Is 7465545541 composite?
False
Is 30270492241 composite?
True
Is 731468731 a composite number?
True
Is 3770775377 a prime number?
True
Is 237368777 a composite number?
False
Is 9575802917 composite?
True
Is 14957027959 a prime number?
True
Is 106421290217 a prime number?
False
Is 170881853635 composite?
True
Is 28521365471 a composite number?
True
Is 780971951 a composite number?
False
Is 452572417 prime?
False
Is 30119870719 prime?
True
Is 404197751 a prime number?
False
Is 607179499 a prime number?
True
Is 2030466161 prime?
False
Is 18496959347 prime?
True
Is 2774585741 a prime number?
False
Is 158125433 composite?
False
Is 91399459 a prime number?
True
Is 17507224873 composite?
True
Is 327760607 composite?
True
Is 35123018087 composite?
True
Is 17706646643 prime?
False
Is 191694521 prime?
False
Is 26038559 a prime number?
True
Is 48494687623 a composite number?
True
Is 99595851827 composite?
True
Is 29313582937 a prime number?
True
Is 972